de 934855?
False
Is 733453 a multiple of 11?
False
Does 47 divide 203604?
True
Is 458 a factor of 1555368?
True
Does 252 divide 724248?
True
Is 249580 a multiple of 66?
False
Is 380992 a multiple of 42?
False
Is 73 a factor of 1354734?
True
Is 4270210 a multiple of 106?
True
Does 5 divide 8712?
False
Is 5685397 a multiple of 901?
False
Is 127875 a multiple of 25?
True
Is 1230924 a multiple of 201?
True
Does 7 divide 494046?
True
Does 28 divide 615838?
False
Is 8 a factor of 390460?
False
Is 313012 a multiple of 10?
False
Is 118102 a multiple of 56?
False
Does 25 divide 874835?
False
Does 57 divide 1156348?
False
Is 378807 a multiple of 143?
True
Does 87 divide 1328577?
True
Is 57987 a multiple of 3?
True
Is 7809539 a multiple of 385?
False
Does 10 divide 4166050?
True
Is 432 a factor of 208915?
False
Does 9 divide 137440?
False
Is 50 a factor of 69550?
True
Is 8 a factor of 127075?
False
Is 989079 a multiple of 89?
False
Does 397 divide 565497?
False
Is 118718 a multiple of 19?
False
Is 8269049 a multiple of 34?
False
Does 143 divide 1991275?
True
Is 176 a factor of 17749424?
True
Does 6 divide 106828?
False
Is 461 a factor of 2542876?
True
Is 34452 a multiple of 39?
False
Is 13 a factor of 184808?
True
Is 4157636 a multiple of 41?
False
Is 17395 a multiple of 7?
True
Is 335018 a multiple of 5?
False
Is 146 a factor of 194180?
True
Is 34974 a multiple of 134?
True
Does 146 divide 4290064?
True
Is 911 a factor of 5284711?
True
Is 2322085 a multiple of 23?
False
Is 78 a factor of 579940?
False
Does 253 divide 4209667?
True
Is 664547 a multiple of 97?
True
Does 31 divide 1700754?
False
Is 6 a factor of 938148?
True
Is 3 a factor of 60658?
False
Is 25 a factor of 906350?
True
Does 26 divide 793092?
False
Is 24 a factor of 345576?
True
Is 3022271 a multiple of 37?
True
Is 2 a factor of 7693743?
False
Is 139834 a multiple of 154?
False
Is 3 a factor of 216112?
False
Is 517 a factor of 95798?
False
Does 17 divide 248743?
False
Is 387895 a multiple of 236?
False
Is 51164 a multiple of 8?
False
Is 279674 a multiple of 415?
False
Is 18 a factor of 184212?
True
Is 653779 a multiple of 59?
True
Does 7 divide 25918?
False
Is 1300379 a multiple of 9?
False
Does 74 divide 156806?
True
Is 1610790 a multiple of 15?
True
Does 66 divide 1353883?
False
Is 9 a factor of 217701?
True
Does 50 divide 1853538?
False
Is 670780 a multiple of 110?
True
Does 62 divide 503316?
True
Is 124 a factor of 370747?
False
Is 5 a factor of 597247?
False
Does 571 divide 13975796?
True
Is 59 a factor of 3834351?
True
Is 314241 a multiple of 19?
True
Is 13 a factor of 646521?
False
Does 117 divide 142133?
False
Is 7 a factor of 1713215?
True
Does 1590 divide 19092705?
False
Is 35754 a multiple of 118?
True
Is 658294 a multiple of 390?
False
Does 29 divide 608449?
True
Does 364 divide 196164?
False
Is 24 a factor of 56514?
False
Is 972167 a multiple of 203?
True
Does 103 divide 5540728?
False
Is 458 a factor of 1481603?
False
Is 780 a factor of 4481914?
False
Is 466570 a multiple of 444?
False
Is 8 a factor of 1084616?
True
Is 20 a factor of 7633641?
False
Is 92574 a multiple of 18?
True
Is 59 a factor of 15947228?
True
Is 4833622 a multiple of 24?
False
Is 133 a factor of 1215571?
False
Is 22 a factor of 65868?
True
Does 4 divide 767575?
False
Is 27 a factor of 184744?
False
Does 722 divide 303962?
True
Is 35688 a multiple of 26?
False
Does 12 divide 96410?
False
Is 302675 a multiple of 25?
True
Is 16009948 a multiple of 12?
False
Is 14 a factor of 235702?
False
Is 631647 a multiple of 83?
False
Is 61 a factor of 93589?
False
Does 67 divide 2140454?
False
Is 4679666 a multiple of 7?
False
Is 52289 a multiple of 41?
False
Is 97 a factor of 81674?
True
Does 30 divide 110776?
False
Is 16 a factor of 614911?
False
Does 292 divide 1171722?
False
Does 511 divide 1593298?
True
Is 36 a factor of 15660?
True
Does 712 divide 146294?
False
Does 13 divide 268632?
True
Is 144639 a multiple of 27?
True
Is 29 a factor of 251946?
False
Does 190 divide 306818?
False
Is 3116204 a multiple of 1274?
True
Is 5055102 a multiple of 342?
True
Is 189 a factor of 6369974?
False
Is 920 a factor of 2321160?
True
Is 5 a factor of 3254750?
True
Is 469 a factor of 72278?
False
Does 239 divide 524127?
True
Is 1750373 a multiple of 48?
False
Is 57 a factor of 2320075?
False
Is 5419447 a multiple of 1241?
True
Is 106 a factor of 125080?
True
Is 4235586 a multiple of 637?
False
Is 5 a factor of 871325?
True
Is 140 a factor of 500639?
False
Is 91004 a multiple of 28?
False
Is 179 a factor of 1946625?
True
Is 8 a factor of 49435?
False
Does 19 divide 75316?
True
Is 333 a factor of 8771553?
True
Is 44 a factor of 1575119?
False
Is 1282815 a multiple of 45?
True
Is 588 a factor of 292824?
True
Does 644 divide 424314?
False
Is 44 a factor of 35948?
True
Does 7 divide 5470?
False
Is 10 a factor of 27810?
True
Is 39263 a multiple of 7?
True
Is 35 a factor of 3919?
False
Is 1099973 a multiple of 259?
True
Does 7 divide 6979?
True
Is 428577 a multiple of 58?
False
Is 4531830 a multiple of 174?
True
Is 191100 a multiple of 60?
True
Does 2588 divide 7908928?
True
Is 209319 a multiple of 11?
True
Is 1112092 a multiple of 10?
False
Is 421 a factor of 13745?
False
Is 17 a factor of 2602553?
False
Is 20971 a multiple of 67?
True
Is 2104167 a multiple of 163?
True
Is 8 a factor of 334683?
False
Is 70 a factor of 9755994?
False
Does 53 divide 95930?
True
Is 22875 even?
False
Does 46 divide 26588?
True
Is 4450560 a multiple of 1220?
True
Does 85 divide 7601890?
True
Does 11 divide 606010?
False
Is 67608 a multiple of 18?
True
Is 1150310 a multiple of 5?
True
Is 17 a factor of 690914?
True
Is 13 a factor of 666861?
True
Does 68 divide 2601952?
True
Is 12270 a multiple of 10?
True
Is 20 a factor of 2586?
False
Is 1060916 a multiple of 571?
False
Is 4456500 a multiple of 66?
False
Is 66735 a multiple of 13?
False
Is 5 a factor of 37322?
False
Is 420 a factor of 6147494?
False
Is 258 a factor of 253243?
False
Is 327 a factor of 437695?
False
Is 170 a factor of 5212710?
True
Is 17 a factor of 587588?
True
Is 12 a factor of 3920738?
False
Does 304 divide 299350?
False
Is 480 a factor of 640925?
False
Is 5 a factor of 164874?
False
Does 22 divide 406076?
True
Does 509 divide 10601961?
True
Does 25 divide 199325?
True
Does 416 divide 2364006?
False
Does 62 divide 536734?
True
Is 4 a factor of 41096?
True
Is 50008 a multiple of 266?
True
Is 436 a factor of 41856?
True
Does 41 divide 1573978?
False
Does 139 divide 71636?
False
Does 169 divide 994903?
True
Is 1231230 a multiple of 78?
True
Is 1086614 a multiple of 19?
False
Is 8 a factor of 22430?
False
Does 4 divide 93573?
False
Is 190555 a multiple of 178?
False
Does 28 divide 521622?
False
Is 375678 a multiple of 43?
False
Does 84 divide 2315697?
False
Is 28 a factor of 6003196?
False
Does 312 divide 71448?
True
Is 987840 a multiple of 448?
True
Does 265 divide 2008700?
True
Is 2566443 a multiple of 913?
True
Does 44 divide 223584?
False
Is 83 a factor of 334423?
False
Is 2052018 a multiple of 10?
False
Is 30418 a multiple of 13?
False
Is 94007 a multiple of 17?
False
Is 17 a factor of 130750?
False
Is 3 a factor of 411?
True
Is 486979 a multiple of 13?
False
Is 1398382 a multiple of 280?
False
Is 453 a factor of 315182?
False
Is 331 a factor of 192059?
False
Is 182 a factor of 8485568?
True
Is 342636 a multiple of 21?
True
Does 2 divide 211021?
False
Is 1346039 a multiple of 126?
False
Is 12 a factor of 146892?
True
Does 9 divide 809919?
True
Does 6 divide 1633274?
False
Is 16876 a multiple of 158?
False
Is 7997070 a multiple of 204?
False
Is 20747645 a multiple of 295?
True
Does 12 divide 713287?
False
Does 128 divide 1037952?
True
Does 3 divide 250445?
False
Is 5645012 a multiple of 97?
True
Does 160 divide 65120?
True
Does 42 divide 154556?
False
Is 43282 a multiple of 17?
True
Is 112 a factor of 479023?
False
Is 76998 a multiple of 647?
False
Does 10 divide 5583680?
True
Is 25 a factor of 196683?
False
Is 24 a factor of 174576?
True
Is 379 a factor of 31260678?
True
Is 16 a factor of 7580784?
True
Is 1629925 a multiple of 11?
True
Is 4501291 a multiple of 930?
False
Does 3 divide 2882?
False
Is 53 a factor of 27400914?
False
Is 70 a factor of 117089?
False
Is 2153957 a multiple of 399